 = 550 - 550. Suppose 40*z - 166808 - 1229712 = b. Is z a composite number?
False
Let j = -932 - -1562. Is (-7)/(j/20) - 535619/(-9) a prime number?
True
Suppose -6444 - 72081 = -15*k. Suppose 22*l - 17*l - k = 0. Is l a composite number?
True
Suppose 0 = -3*z + 4*n + 215, -4*z - 140 = -6*z + 2*n. Suppose z = 4*x - 1131. Is x composite?
True
Suppose a - 2*q = -60720, -4*a + a - 182144 = 2*q. Let p = -43219 - a. Is p a composite number?
False
Suppose -16*k + 5899612 + 2898534 = -22633582. Is k a prime number?
True
Let a be (-2 - -1)*1*15. Let r be 3*(-880)/a + 4. Suppose 2*y = 3*j + r, 5*y + 5*j - 606 = -131. Is y prime?
False
Let l(c) = -3*c**2 + 47*c + 16. Suppose -o - 72 + 18 = 0. Let s = o - -68. Is l(s) prime?
False
Is 84/210 - (-458903)/5 a prime number?
True
Suppose 33311 = 2*k - 5*g, 32*k - 3*g = 28*k + 66615. Let n = -9682 + k. Is n composite?
False
Let f(o) be the third derivative of 221*o**4/6 + 5*o**3/6 - 3*o**2 - 15*o. Is f(3) a composite number?
False
Is 48582/(-3)*(18/(-72) + (-93)/36) a composite number?
True
Is (-2 - 375537/6)/(-11*4/88) a composite number?
False
Let j be (57/9 + -7)*-3. Suppose -4*m + 12893 = -3*c, j*m + 0*m - 6448 = 2*c. Is m a prime number?
True
Is 342/(-1140) - 2*(-88573)/20 a prime number?
False
Let j(w) = w**3 + 2*w**2 - 5*w - 2. Let s be j(-3). Suppose -d = -2*q - 3, 62*d = 5*q + 64*d + 3. Is 10/(-5) + s + 864 + q a prime number?
False
Suppose 2*o = 53 - 29. Let f(m) = 23*m**2 + m - 10. Let j be f(o). Suppose -3*a - 2*b + 3319 = 0, -b - j = -3*a - 2*b. Is a prime?
True
Suppose 5*l + 47013 = 4*w - 16476, w - 15867 = -4*l. Is w a composite number?
True
Let q be (-1)/((33/(-9) - -4)*1). Let i be (q/(-9))/(11/(-13629)). Let v = 702 + i. Is v a composite number?
True
Let o be (-193 - -15)/(6/(-153)). Suppose 0 = -6*m + o + 2403. Is m composite?
True
Let j = 57 - 57. Suppose j = -8*o - o. Suppose 4*d - 5262 = 2*w, o = -2*w - 12 + 2. Is d a prime number?
False
Let c(r) be the third derivative of -r**6/60 + 23*r**5/30 - 17*r**4/8 - 4*r**3/3 - 14*r**2. Is c(15) composite?
True
Let m = -6 + 2. Let g be (10 + -3)*(-27)/189. Is g/m*-1 + 114/8 composite?
True
Let t(n) = -123*n - 7. Let z(k) be the second derivative of -k**3/6 - 5*k**2/2 - 2*k. Let h be z(3). Is t(h) prime?
True
Let h = -24652 - -74459. Is h prime?
True
Let d = 25 + -21. Suppose -5*v + 3299 = d*a, 3*v - 1007 - 965 = 5*a. Let u = -364 + v. Is u prime?
False
Suppose 0 = 60*a - 59*a - 16332. Suppose a = 4*m - 976. Is m a prime number?
True
Let y = 86400 - -26499. Is y prime?
False
Suppose 0 = -110*a + 111*a - i - 85443, -2*a = -3*i - 170890. Is a composite?
False
Suppose -3*h - 6 + 19 = -2*m, 0 = h - 4*m - 1. Suppose 3*q = -h*q + 3704. Is q prime?
True
Let p(a) = -a**3 - 15*a**2 + 33*a - 8. Let i be p(-17). Suppose 7 = i*r - 2. Let y(k) = 253*k - 2. Is y(r) prime?
True
Let w(p) = -126*p**3 - 3*p**2 - 5*p - 67. Is w(-10) composite?
False
Is (-2391445)/(-42) + 5/(-30) composite?
True
Suppose -8*p + 26*p + 12*p - 18367710 = 0. Is p a composite number?
True
Let c be 270/(-20)*(7*-9 + -1). Let h = 1879 + c. Let u = -1644 + h. Is u a prime number?
False
Let k be (((-950)/15)/5)/(2/(-14646)). Let g = -25127 + k. Is g composite?
False
Let k(p) = 13*p + 22. Let l be k(-3). Is 1*1503 - (-21 - l) prime?
False
Suppose -2*s = a + 12, -15*a + 19*a + 36 = -5*s. Let h(i) = -9*i**3 + 3*i**2 - 4*i - 9. Is h(s) prime?
True
Let u(q) = 2*q + 5. Let p(z) = z + 2. Let s(c) = 5*p(c) - 3*u(c). Let g be s(-5). Suppose 3*n = g, -4*n - 3155 = -0*t - 5*t. Is t prime?
True
Suppose -29*w + 3138275 + 936535 = w. Is w a prime number?
False
Suppose 9298*k - 9309*k = -920579. Is k a prime number?
True
Let b(t) = 19 - 374*t - 7*t - 807*t. Is b(-2) composite?
True
Let z be (1/(-3))/(4/(-24)). Suppose 4*d - z*f = -26, -3 = 5*d + 4*f + 10. Is (-8)/20 - 1272/d a prime number?
False
Suppose 3*k - k + 1020 = 2*r, 0 = 5*k + 4*r + 2523. Let m be 12/(-16) + (-6373)/4. Let o = k - m. Is o prime?
True
Suppose -4690 = -15*v + 5840. Let q = 41 - 39. Is v + q/(2/(-3)) a prime number?
False
Suppose -12*c = -914 - 118. Let i be (-3)/2*2 + 5. Suppose 3*g - i*o - 11 - 42 = 0, 4*g - c = -5*o. Is g a prime number?
True
Let o(u) = -u**3 - u**2 + u + 9. Let m = 1 - 1. Let c be o(m). Suppose c*s - 182 = 7*s. Is s a composite number?
True
Suppose -5*n - 4*z + 1432387 = 0, -6*n = -8*n + 2*z + 572926. Is n prime?
False
Suppose -212*g = -206*g - 1488582. Is g a prime number?
False
Let z(t) = -2*t**2 - 5*t + 43. Let n(r) = 6*r**2 + 16*r - 130. Let l(q) = -2*n(q) - 7*z(q). Is l(-10) composite?
True
Is (-2)/(-25) - 423724308/(-1775) prime?
False
Let c(l) = 12637*l + 999. Is c(10) a composite number?
True
Let p be (3/2)/(22/(-4092)). Let f = 980 - p. Is f a composite number?
False
Let m(y) = -1106*y + 7. Let k be m(2). Suppose -8720 = -3*t + 5*t. Let r = k - t. Is r composite?
True
Let c(o) be the second derivative of 7*o**3/2 - 2*o**2 - 4*o + 2. Let k = 24 - 15. Is c(k) a composite number?
True
Suppose k + 98 = -4*a, 5*a + 116 = k + k. Is a/18 + 38342/6 a composite number?
False
Let i(v) = 18*v + 45. Let f be i(6). Is 239126/34 + -6*3/f composite?
True
Suppose 18*l = 23*l - 45. Suppose l*z + 6598 = -9494. Is (-4)/(-3)*(-5)/(40/z) composite?
True
Suppose 5*d - 22 = -3*l, 3*l + 13 = 9*d - 7*d. Is 30387/14*(550/15)/d a prime number?
False
Let i = -39877 - -161538. Is i prime?
True
Suppose 0 = -3*p + 10*p. Suppose p = -4*v + 3*m - 6160 + 25575, -4*v - 5*m = -19407. Is v a prime number?
False
Suppose 5*d = -4*x - 4, 0 = x - 6*x + 3*d + 32. Suppose 15 = 4*q + 5*c, -x*c = -3*q + 5*q - 6. Suppose -4*w = -q*w, -4*f = -5*w - 2612. Is f a composite number?
False
Suppose o = -4*s - 10, 5*s + 17 = o - 0*o. Suppose -o*v - 9 = -a - 0*v, 4*v = 3*a - 21. Suppose -5*t + 5531 = a*l, 6*l - 2*l - 7386 = -t. Is l composite?
False
Let w = 3032030 + -1407691. Is w composite?
True
Let n(v) = 11*v**3 + 43*v**2 + 98*v + 307. Is n(47) a composite number?
True
Is -1661012*(2097/(-12116) + (-2)/26) a composite number?
False
Suppose -m - 5*y + 3 = 0, m - 3 = -31*y + 29*y. Suppose 0 = 4*k - 4*z - 15032, 5*k = 9*k - m*z - 15035. Is k a composite number?
False
Suppose 2*k - 1735 = -8*j + 5*j, k + 5*j - 850 = 0. Let r = k + -62. Is r a composite number?
True
Let p = 19698 - -4741. Is p composite?
False
Let x(m) = -4*m**3 - 6*m**2 - 7*m - 5. Let g be x(-3). Suppose -2*d + 3*j + g = -1809, -5*d + 4703 = -2*j. Is d a prime number?
True
Let h = -7547 - -29594. Is h prime?
False
Let v = -108302 - -223849. Is v a composite number?
False
Suppose 0 = -249*b + 250*b + 26562. Is 110/165*b/(-4) a prime number?
False
Let o(g) = 42945*g + 6656. Is o(5) composite?
True
Let d(a) = 9*a**3 + 9*a**2 + 133*a - 62. Is d(21) a prime number?
False
Let o be (-2)/(-10) - ((-19)/5 - -1). Suppose 3 = i, o*m - 2013 = i + 4695. Let g = -530 + m. Is g prime?
False
Let d(p) = 2*p**3 - 31*p**2 - 24*p + 120. Is d(31) a prime number?
True
Let z be (-112)/(-18) + 16/(-72). Suppose z*k = 1 + 29. Suppose -k*t = -15, -225 - 163 = -s + t. Is s prime?
False
Suppose -z - 30 = 3*p + 1, 5*z = -5*p - 35. Let k = -8 - p. Suppose k*d - 4685 = -3*r, 3*d - 1575 = -r - d. Is r a prime number?
False
Suppose -4*l = -c + 58527, 6*c - 2*c + l = 234040. Is c a composite number?
False
Let n(t) be the first derivative of 1/3*t**3 + 0*t**2 - 7 + 481*t - 1/4*t**4. Is n(0) composite?
True
Let v(h) = -227*h - 1. Suppose -3*p = -13*p - 680. Let q = -74 - p. Is v(q) prime?
True
Let c = 1 - 1. Let n = 1100 + 1951. Suppose c*s + 5*s = 20, 2*s - n = -j. Is j a composite number?
True
Let t = 19840 - -4271. Suppose -6*o = -t + 2517. Is o a composite number?
True
Suppose -110*y + 33075 = 79*y. Let z(c) = -48*c**3 + c**2 - c. Let u be z(-2). Suppose 5*k - u = y. Is k composite?
False
Let o be ((-5)/((-70)/49))/(3/58452). Suppose 0*l + 136388 = 4*d + 3*l, -2*d - 5*l = -o. Is d composite?
True
Let w(g) = 41*g + 928. Let q(i) = 13*i + 310. Let y(f) = 7*q(f) - 2*w(f). Is y(0) prime?
False
Suppose 4*d - 6*t + 4*t = 6, -3*d + 2*t = -6. Suppose 2*z + 3527 - 17389 = d. Is z a composite number?
True
Suppose -14*j + 10385133 = 7*j + 12*j. Is j a composite number?
True
Suppose -4*u - 20 = 0, -5*z + 13 - 3 = u. Let x(d) = 183*d - 3. Let q be x(z). Suppose 315 = 3*o - q. Is o a prime number?
False
Suppose 8*m - 5*m - 5*j = 1494